{"id":13,"date":"2013-08-30T08:33:26","date_gmt":"2013-08-30T08:33:26","guid":{"rendered":"http:\/\/www.gesvesextra.be\/?page_id=13"},"modified":"2026-04-23T08:44:24","modified_gmt":"2026-04-23T08:44:24","slug":"plaines-de-vacances","status":"publish","type":"page","link":"https:\/\/www.gesvesextra.be\/?page_id=13","title":{"rendered":"Plaines de vacances"},"content":{"rendered":"\n<\/p>\n<p>Pour plus d&rsquo;infos, vous pouvez consulter notre projet d&rsquo;accueil des plaines <strong><a href=\"http:\/\/www.gesvesextra.be\/wp-content\/uploads\/2021\/01\/Projet-daccueil-des-plaines-GEX-Janvier-2021.pdf\" target=\"_blank\" rel=\"noreferrer noopener\">ICI<\/a><\/strong><\/p>\n<p>\n\n\n\n<\/p>\n<p>Remarques : La PAF comprend les animations, le mat\u00e9riel, une soupe \u00e0 midi, les sorties et les assurances.<\/p>\n<p>\n\n\n<p><span style=\"color: #000000;\">Gesves EXTRA est <span style=\"color: #008000;\"><a style=\"color: #008000;\" href=\"http:\/\/www.centres-de-vacances.be\/\" target=\"_blank\" rel=\"noopener noreferrer\">agr\u00e9\u00e9 par l&rsquo;ONE sp\u00e9cifiquement pour ses plaines de vacances.<\/a> <\/span>Elles sont propos\u00e9es aux enfants de 2,5 ans \u00e0 12 ans, sans discrimination. C\u2019est un espace de d\u00e9lassement, de d\u00e9couverte, de cr\u00e9ativit\u00e9 et d\u2019\u00e9panouissement.\u00a0<\/span><\/p>\n<p>D\u00e9sormais, Rapha\u00ebl et Deepa ont d\u00e9cid\u00e9 de prendre en charge, ensemble, les plaines de vacances, ils en sont responsables. Si vous avez une question, n&rsquo;h\u00e9sitez pas \u00e0 vous adresser \u00e0 eux, ils sont au coeur du projet !<\/p>\n<p><a href=\"http:\/\/www.gesvesextra.be\/wp-content\/uploads\/2022\/11\/3.png\"><img loading=\"lazy\" decoding=\"async\" class=\"aligncenter wp-image-1872 size-medium\" src=\"http:\/\/www.gesvesextra.be\/wp-content\/uploads\/2022\/11\/3-e1669116300991-300x212.png\" alt=\"\" width=\"300\" height=\"212\" srcset=\"https:\/\/www.gesvesextra.be\/wp-content\/uploads\/2022\/11\/3-e1669116300991-300x212.png 300w, https:\/\/www.gesvesextra.be\/wp-content\/uploads\/2022\/11\/3-e1669116300991-1024x724.png 1024w, https:\/\/www.gesvesextra.be\/wp-content\/uploads\/2022\/11\/3-e1669116300991-768x543.png 768w, https:\/\/www.gesvesextra.be\/wp-content\/uploads\/2022\/11\/3-e1669116300991-1536x1086.png 1536w, https:\/\/www.gesvesextra.be\/wp-content\/uploads\/2022\/11\/3-e1669116300991-1320x933.png 1320w, https:\/\/www.gesvesextra.be\/wp-content\/uploads\/2022\/11\/3-e1669116300991.png 2000w\" sizes=\"auto, (max-width: 300px) 100vw, 300px\" \/><\/a><\/p>\n<p><span style=\"color: #000000;\">Gesves EXTRA organise dix semaines de plaines durant l&rsquo;ann\u00e9e 2023-2024. Pour rappel, Nous n&rsquo;organisons aucune plaine durant le mois de Juillet puisque l&rsquo;Asbl Coala s&rsquo;en charge avec les plaines communales.<\/span><\/p>\n<ul>\n<li><span style=\"color: #000000;\">Plaine d&rsquo;automne <\/span><span style=\"color: #000000;\"><span style=\"color: #008000;\"><i>:\u00a0<\/i><\/span><\/span>\n<ul>\n<li>Semaine 1 ( du 27\u00a0 au 30 avril )<\/li>\n<li>Semaine 2 ( du 04 au 08 mai )<\/li>\n<\/ul>\n<\/li>\n<\/ul>\n<p style=\"text-align: left;\"><span style=\"font-size: inherit; text-align: left; color: #000000;\">Les th\u00e8mes sont r\u00e9fl\u00e9chis et les activit\u00e9s sont en cours de pr\u00e9paration.<br \/>Veillez \u00e0 consulter r\u00e9guli\u00e8rement notre site pour \u00eatre inform\u00e9 de nos futures plaines.<\/span><\/p>\n<p style=\"text-align: center;\"><strong>Plaines de printemps<br \/><\/strong><\/p>\n<p><a href=\"https:\/\/www.gesvesextra.be\/wp-content\/uploads\/2026\/04\/Affiche-Printemps-1.png\"><img loading=\"lazy\" decoding=\"async\" class=\" wp-image-2401 aligncenter\" src=\"https:\/\/www.gesvesextra.be\/wp-content\/uploads\/2026\/04\/Affiche-Printemps-1-212x300.png\" alt=\"\" width=\"595\" height=\"842\" srcset=\"https:\/\/www.gesvesextra.be\/wp-content\/uploads\/2026\/04\/Affiche-Printemps-1-212x300.png 212w, https:\/\/www.gesvesextra.be\/wp-content\/uploads\/2026\/04\/Affiche-Printemps-1-724x1024.png 724w, https:\/\/www.gesvesextra.be\/wp-content\/uploads\/2026\/04\/Affiche-Printemps-1-768x1086.png 768w, https:\/\/www.gesvesextra.be\/wp-content\/uploads\/2026\/04\/Affiche-Printemps-1-1086x1536.png 1086w, https:\/\/www.gesvesextra.be\/wp-content\/uploads\/2026\/04\/Affiche-Printemps-1-1140x1612.png 1140w, https:\/\/www.gesvesextra.be\/wp-content\/uploads\/2026\/04\/Affiche-Printemps-1-1320x1867.png 1320w, https:\/\/www.gesvesextra.be\/wp-content\/uploads\/2026\/04\/Affiche-Printemps-1.png 1414w\" sizes=\"auto, (max-width: 595px) 100vw, 595px\" \/><\/a><\/p>\n\n\n<p>Pour plus d&rsquo;information, veuillez nous contactez \u00e0 info@gesvesextra.be ou bien par t\u00e9l\u00e9phone au 083\/67 02 03 <\/p>\n\n\n\n<p><\/p>\n\n\n\n<p><\/p>\n\n\n<p>Voil\u00e0 un aper\u00e7u de nos plaines pr\u00e9c\u00e9dente :<\/p>\n<blockquote>\n<p><strong>Plaines d&rsquo;\u00e9t\u00e9 2023<\/strong><\/p>\n<p><a href=\"http:\/\/www.gesvesextra.be\/wp-content\/uploads\/2023\/08\/received_1893710987692923.jpeg\"><img loading=\"lazy\" decoding=\"async\" class=\"alignnone size-medium wp-image-2116\" src=\"http:\/\/www.gesvesextra.be\/wp-content\/uploads\/2023\/08\/received_1893710987692923-225x300.jpeg\" alt=\"\" width=\"225\" height=\"300\" srcset=\"https:\/\/www.gesvesextra.be\/wp-content\/uploads\/2023\/08\/received_1893710987692923-225x300.jpeg 225w, https:\/\/www.gesvesextra.be\/wp-content\/uploads\/2023\/08\/received_1893710987692923-768x1024.jpeg 768w, https:\/\/www.gesvesextra.be\/wp-content\/uploads\/2023\/08\/received_1893710987692923-1152x1536.jpeg 1152w, https:\/\/www.gesvesextra.be\/wp-content\/uploads\/2023\/08\/received_1893710987692923-45x60.jpeg 45w, https:\/\/www.gesvesextra.be\/wp-content\/uploads\/2023\/08\/received_1893710987692923-1320x1760.jpeg 1320w, https:\/\/www.gesvesextra.be\/wp-content\/uploads\/2023\/08\/received_1893710987692923.jpeg 1536w\" sizes=\"auto, (max-width: 225px) 100vw, 225px\" \/><\/a> <a href=\"http:\/\/www.gesvesextra.be\/wp-content\/uploads\/2023\/08\/received_1066319964344257-003.jpeg\"><img loading=\"lazy\" decoding=\"async\" class=\"alignnone size-medium wp-image-2115\" src=\"http:\/\/www.gesvesextra.be\/wp-content\/uploads\/2023\/08\/received_1066319964344257-003-225x300.jpeg\" alt=\"\" width=\"225\" height=\"300\" srcset=\"https:\/\/www.gesvesextra.be\/wp-content\/uploads\/2023\/08\/received_1066319964344257-003-225x300.jpeg 225w, https:\/\/www.gesvesextra.be\/wp-content\/uploads\/2023\/08\/received_1066319964344257-003-768x1024.jpeg 768w, https:\/\/www.gesvesextra.be\/wp-content\/uploads\/2023\/08\/received_1066319964344257-003-1152x1536.jpeg 1152w, https:\/\/www.gesvesextra.be\/wp-content\/uploads\/2023\/08\/received_1066319964344257-003-45x60.jpeg 45w, https:\/\/www.gesvesextra.be\/wp-content\/uploads\/2023\/08\/received_1066319964344257-003-1320x1760.jpeg 1320w, https:\/\/www.gesvesextra.be\/wp-content\/uploads\/2023\/08\/received_1066319964344257-003.jpeg 1536w\" sizes=\"auto, (max-width: 225px) 100vw, 225px\" \/><\/a> <a href=\"http:\/\/www.gesvesextra.be\/wp-content\/uploads\/2023\/08\/received_1029968611518148.jpeg\"><img loading=\"lazy\" decoding=\"async\" class=\"alignnone size-medium wp-image-2114\" src=\"http:\/\/www.gesvesextra.be\/wp-content\/uploads\/2023\/08\/received_1029968611518148-225x300.jpeg\" alt=\"\" width=\"225\" height=\"300\" srcset=\"https:\/\/www.gesvesextra.be\/wp-content\/uploads\/2023\/08\/received_1029968611518148-225x300.jpeg 225w, https:\/\/www.gesvesextra.be\/wp-content\/uploads\/2023\/08\/received_1029968611518148-768x1024.jpeg 768w, https:\/\/www.gesvesextra.be\/wp-content\/uploads\/2023\/08\/received_1029968611518148-1152x1536.jpeg 1152w, https:\/\/www.gesvesextra.be\/wp-content\/uploads\/2023\/08\/received_1029968611518148-45x60.jpeg 45w, https:\/\/www.gesvesextra.be\/wp-content\/uploads\/2023\/08\/received_1029968611518148-1320x1760.jpeg 1320w, https:\/\/www.gesvesextra.be\/wp-content\/uploads\/2023\/08\/received_1029968611518148.jpeg 1536w\" sizes=\"auto, (max-width: 225px) 100vw, 225px\" \/><\/a> <a href=\"http:\/\/www.gesvesextra.be\/wp-content\/uploads\/2023\/08\/received_607656044775826-003.jpeg\"><img loading=\"lazy\" decoding=\"async\" class=\"alignnone size-medium wp-image-2113\" src=\"http:\/\/www.gesvesextra.be\/wp-content\/uploads\/2023\/08\/received_607656044775826-003-300x225.jpeg\" alt=\"\" width=\"300\" height=\"225\" srcset=\"https:\/\/www.gesvesextra.be\/wp-content\/uploads\/2023\/08\/received_607656044775826-003-300x225.jpeg 300w, https:\/\/www.gesvesextra.be\/wp-content\/uploads\/2023\/08\/received_607656044775826-003-1024x768.jpeg 1024w, https:\/\/www.gesvesextra.be\/wp-content\/uploads\/2023\/08\/received_607656044775826-003-768x576.jpeg 768w, https:\/\/www.gesvesextra.be\/wp-content\/uploads\/2023\/08\/received_607656044775826-003-1536x1152.jpeg 1536w, https:\/\/www.gesvesextra.be\/wp-content\/uploads\/2023\/08\/received_607656044775826-003-80x60.jpeg 80w, https:\/\/www.gesvesextra.be\/wp-content\/uploads\/2023\/08\/received_607656044775826-003-1320x990.jpeg 1320w, https:\/\/www.gesvesextra.be\/wp-content\/uploads\/2023\/08\/received_607656044775826-003.jpeg 2048w\" sizes=\"auto, (max-width: 300px) 100vw, 300px\" \/><\/a> <a href=\"http:\/\/www.gesvesextra.be\/wp-content\/uploads\/2023\/08\/received_588758593470493-003.jpeg\"><img loading=\"lazy\" decoding=\"async\" class=\"alignnone size-medium wp-image-2112\" src=\"http:\/\/www.gesvesextra.be\/wp-content\/uploads\/2023\/08\/received_588758593470493-003-225x300.jpeg\" alt=\"\" width=\"225\" height=\"300\" srcset=\"https:\/\/www.gesvesextra.be\/wp-content\/uploads\/2023\/08\/received_588758593470493-003-225x300.jpeg 225w, https:\/\/www.gesvesextra.be\/wp-content\/uploads\/2023\/08\/received_588758593470493-003-768x1024.jpeg 768w, https:\/\/www.gesvesextra.be\/wp-content\/uploads\/2023\/08\/received_588758593470493-003-1152x1536.jpeg 1152w, https:\/\/www.gesvesextra.be\/wp-content\/uploads\/2023\/08\/received_588758593470493-003-45x60.jpeg 45w, https:\/\/www.gesvesextra.be\/wp-content\/uploads\/2023\/08\/received_588758593470493-003-1320x1760.jpeg 1320w, https:\/\/www.gesvesextra.be\/wp-content\/uploads\/2023\/08\/received_588758593470493-003.jpeg 1536w\" sizes=\"auto, (max-width: 225px) 100vw, 225px\" \/><\/a> <a href=\"http:\/\/www.gesvesextra.be\/wp-content\/uploads\/2023\/08\/received_320011493706978-003.jpeg\"><img loading=\"lazy\" decoding=\"async\" class=\"alignnone size-medium wp-image-2111\" src=\"http:\/\/www.gesvesextra.be\/wp-content\/uploads\/2023\/08\/received_320011493706978-003-225x300.jpeg\" alt=\"\" width=\"225\" height=\"300\" srcset=\"https:\/\/www.gesvesextra.be\/wp-content\/uploads\/2023\/08\/received_320011493706978-003-225x300.jpeg 225w, https:\/\/www.gesvesextra.be\/wp-content\/uploads\/2023\/08\/received_320011493706978-003-768x1024.jpeg 768w, https:\/\/www.gesvesextra.be\/wp-content\/uploads\/2023\/08\/received_320011493706978-003-1152x1536.jpeg 1152w, https:\/\/www.gesvesextra.be\/wp-content\/uploads\/2023\/08\/received_320011493706978-003-45x60.jpeg 45w, https:\/\/www.gesvesextra.be\/wp-content\/uploads\/2023\/08\/received_320011493706978-003-1320x1760.jpeg 1320w, https:\/\/www.gesvesextra.be\/wp-content\/uploads\/2023\/08\/received_320011493706978-003.jpeg 1536w\" sizes=\"auto, (max-width: 225px) 100vw, 225px\" \/><\/a> <a href=\"http:\/\/www.gesvesextra.be\/wp-content\/uploads\/2023\/08\/received_145412725254587.jpg\"><img loading=\"lazy\" decoding=\"async\" class=\"alignnone size-medium wp-image-2110\" src=\"http:\/\/www.gesvesextra.be\/wp-content\/uploads\/2023\/08\/received_145412725254587-225x300.jpg\" alt=\"\" width=\"225\" height=\"300\" srcset=\"https:\/\/www.gesvesextra.be\/wp-content\/uploads\/2023\/08\/received_145412725254587-225x300.jpg 225w, https:\/\/www.gesvesextra.be\/wp-content\/uploads\/2023\/08\/received_145412725254587-768x1024.jpg 768w, https:\/\/www.gesvesextra.be\/wp-content\/uploads\/2023\/08\/received_145412725254587-1152x1536.jpg 1152w, https:\/\/www.gesvesextra.be\/wp-content\/uploads\/2023\/08\/received_145412725254587-45x60.jpg 45w, https:\/\/www.gesvesextra.be\/wp-content\/uploads\/2023\/08\/received_145412725254587-1320x1760.jpg 1320w, https:\/\/www.gesvesextra.be\/wp-content\/uploads\/2023\/08\/received_145412725254587.jpg 1536w\" sizes=\"auto, (max-width: 225px) 100vw, 225px\" \/><\/a> <a href=\"http:\/\/www.gesvesextra.be\/wp-content\/uploads\/2023\/08\/20230810_105530-scaled.jpg\"><img loading=\"lazy\" decoding=\"async\" class=\"alignnone size-medium wp-image-2109\" src=\"http:\/\/www.gesvesextra.be\/wp-content\/uploads\/2023\/08\/20230810_105530-300x225.jpg\" alt=\"\" width=\"300\" height=\"225\" srcset=\"https:\/\/www.gesvesextra.be\/wp-content\/uploads\/2023\/08\/20230810_105530-300x225.jpg 300w, https:\/\/www.gesvesextra.be\/wp-content\/uploads\/2023\/08\/20230810_105530-1024x768.jpg 1024w, https:\/\/www.gesvesextra.be\/wp-content\/uploads\/2023\/08\/20230810_105530-768x576.jpg 768w, https:\/\/www.gesvesextra.be\/wp-content\/uploads\/2023\/08\/20230810_105530-1536x1152.jpg 1536w, https:\/\/www.gesvesextra.be\/wp-content\/uploads\/2023\/08\/20230810_105530-2048x1536.jpg 2048w, https:\/\/www.gesvesextra.be\/wp-content\/uploads\/2023\/08\/20230810_105530-80x60.jpg 80w, https:\/\/www.gesvesextra.be\/wp-content\/uploads\/2023\/08\/20230810_105530-1320x990.jpg 1320w\" sizes=\"auto, (max-width: 300px) 100vw, 300px\" \/><\/a> <a href=\"http:\/\/www.gesvesextra.be\/wp-content\/uploads\/2023\/08\/20230810_105453-scaled.jpg\"><img loading=\"lazy\" decoding=\"async\" class=\"alignnone size-medium wp-image-2108\" src=\"http:\/\/www.gesvesextra.be\/wp-content\/uploads\/2023\/08\/20230810_105453-300x225.jpg\" alt=\"\" width=\"300\" height=\"225\" srcset=\"https:\/\/www.gesvesextra.be\/wp-content\/uploads\/2023\/08\/20230810_105453-300x225.jpg 300w, https:\/\/www.gesvesextra.be\/wp-content\/uploads\/2023\/08\/20230810_105453-1024x768.jpg 1024w, https:\/\/www.gesvesextra.be\/wp-content\/uploads\/2023\/08\/20230810_105453-768x576.jpg 768w, https:\/\/www.gesvesextra.be\/wp-content\/uploads\/2023\/08\/20230810_105453-1536x1152.jpg 1536w, https:\/\/www.gesvesextra.be\/wp-content\/uploads\/2023\/08\/20230810_105453-2048x1536.jpg 2048w, https:\/\/www.gesvesextra.be\/wp-content\/uploads\/2023\/08\/20230810_105453-80x60.jpg 80w, https:\/\/www.gesvesextra.be\/wp-content\/uploads\/2023\/08\/20230810_105453-1320x990.jpg 1320w\" sizes=\"auto, (max-width: 300px) 100vw, 300px\" \/><\/a> <a href=\"http:\/\/www.gesvesextra.be\/wp-content\/uploads\/2023\/08\/20230809_145800-003-scaled.jpg\"><img loading=\"lazy\" decoding=\"async\" class=\"alignnone size-medium wp-image-2107\" src=\"http:\/\/www.gesvesextra.be\/wp-content\/uploads\/2023\/08\/20230809_145800-003-300x225.jpg\" alt=\"\" width=\"300\" height=\"225\" srcset=\"https:\/\/www.gesvesextra.be\/wp-content\/uploads\/2023\/08\/20230809_145800-003-300x225.jpg 300w, https:\/\/www.gesvesextra.be\/wp-content\/uploads\/2023\/08\/20230809_145800-003-1024x768.jpg 1024w, https:\/\/www.gesvesextra.be\/wp-content\/uploads\/2023\/08\/20230809_145800-003-768x576.jpg 768w, https:\/\/www.gesvesextra.be\/wp-content\/uploads\/2023\/08\/20230809_145800-003-1536x1152.jpg 1536w, https:\/\/www.gesvesextra.be\/wp-content\/uploads\/2023\/08\/20230809_145800-003-2048x1536.jpg 2048w, https:\/\/www.gesvesextra.be\/wp-content\/uploads\/2023\/08\/20230809_145800-003-80x60.jpg 80w, https:\/\/www.gesvesextra.be\/wp-content\/uploads\/2023\/08\/20230809_145800-003-1320x990.jpg 1320w\" sizes=\"auto, (max-width: 300px) 100vw, 300px\" \/><\/a> <a href=\"http:\/\/www.gesvesextra.be\/wp-content\/uploads\/2023\/08\/20230804_103139-scaled.jpg\"><img loading=\"lazy\" decoding=\"async\" class=\"alignnone size-medium wp-image-2106\" src=\"http:\/\/www.gesvesextra.be\/wp-content\/uploads\/2023\/08\/20230804_103139-225x300.jpg\" alt=\"\" width=\"225\" height=\"300\" srcset=\"https:\/\/www.gesvesextra.be\/wp-content\/uploads\/2023\/08\/20230804_103139-225x300.jpg 225w, https:\/\/www.gesvesextra.be\/wp-content\/uploads\/2023\/08\/20230804_103139-768x1024.jpg 768w, https:\/\/www.gesvesextra.be\/wp-content\/uploads\/2023\/08\/20230804_103139-1152x1536.jpg 1152w, https:\/\/www.gesvesextra.be\/wp-content\/uploads\/2023\/08\/20230804_103139-1536x2048.jpg 1536w, https:\/\/www.gesvesextra.be\/wp-content\/uploads\/2023\/08\/20230804_103139-45x60.jpg 45w, https:\/\/www.gesvesextra.be\/wp-content\/uploads\/2023\/08\/20230804_103139-1320x1760.jpg 1320w, https:\/\/www.gesvesextra.be\/wp-content\/uploads\/2023\/08\/20230804_103139-scaled.jpg 1920w\" sizes=\"auto, (max-width: 225px) 100vw, 225px\" \/><\/a> <a href=\"http:\/\/www.gesvesextra.be\/wp-content\/uploads\/2023\/08\/20230804_103132-scaled.jpg\"><img loading=\"lazy\" decoding=\"async\" class=\"alignnone size-medium wp-image-2105\" src=\"http:\/\/www.gesvesextra.be\/wp-content\/uploads\/2023\/08\/20230804_103132-300x225.jpg\" alt=\"\" width=\"300\" height=\"225\" srcset=\"https:\/\/www.gesvesextra.be\/wp-content\/uploads\/2023\/08\/20230804_103132-300x225.jpg 300w, https:\/\/www.gesvesextra.be\/wp-content\/uploads\/2023\/08\/20230804_103132-1024x768.jpg 1024w, https:\/\/www.gesvesextra.be\/wp-content\/uploads\/2023\/08\/20230804_103132-768x576.jpg 768w, https:\/\/www.gesvesextra.be\/wp-content\/uploads\/2023\/08\/20230804_103132-1536x1152.jpg 1536w, https:\/\/www.gesvesextra.be\/wp-content\/uploads\/2023\/08\/20230804_103132-2048x1536.jpg 2048w, https:\/\/www.gesvesextra.be\/wp-content\/uploads\/2023\/08\/20230804_103132-80x60.jpg 80w, https:\/\/www.gesvesextra.be\/wp-content\/uploads\/2023\/08\/20230804_103132-1320x990.jpg 1320w\" sizes=\"auto, (max-width: 300px) 100vw, 300px\" \/><\/a> <a href=\"http:\/\/www.gesvesextra.be\/wp-content\/uploads\/2023\/08\/20230804_103004-scaled.jpg\"><img loading=\"lazy\" decoding=\"async\" class=\"alignnone size-medium wp-image-2104\" src=\"http:\/\/www.gesvesextra.be\/wp-content\/uploads\/2023\/08\/20230804_103004-225x300.jpg\" alt=\"\" width=\"225\" height=\"300\" srcset=\"https:\/\/www.gesvesextra.be\/wp-content\/uploads\/2023\/08\/20230804_103004-225x300.jpg 225w, https:\/\/www.gesvesextra.be\/wp-content\/uploads\/2023\/08\/20230804_103004-768x1024.jpg 768w, https:\/\/www.gesvesextra.be\/wp-content\/uploads\/2023\/08\/20230804_103004-1152x1536.jpg 1152w, https:\/\/www.gesvesextra.be\/wp-content\/uploads\/2023\/08\/20230804_103004-1536x2048.jpg 1536w, https:\/\/www.gesvesextra.be\/wp-content\/uploads\/2023\/08\/20230804_103004-45x60.jpg 45w, https:\/\/www.gesvesextra.be\/wp-content\/uploads\/2023\/08\/20230804_103004-1320x1760.jpg 1320w, https:\/\/www.gesvesextra.be\/wp-content\/uploads\/2023\/08\/20230804_103004-scaled.jpg 1920w\" sizes=\"auto, (max-width: 225px) 100vw, 225px\" \/><\/a> <a href=\"http:\/\/www.gesvesextra.be\/wp-content\/uploads\/2023\/08\/20230801_101504-scaled.jpg\"><img loading=\"lazy\" decoding=\"async\" class=\"alignnone size-medium wp-image-2103\" src=\"http:\/\/www.gesvesextra.be\/wp-content\/uploads\/2023\/08\/20230801_101504-300x225.jpg\" alt=\"\" width=\"300\" height=\"225\" srcset=\"https:\/\/www.gesvesextra.be\/wp-content\/uploads\/2023\/08\/20230801_101504-300x225.jpg 300w, https:\/\/www.gesvesextra.be\/wp-content\/uploads\/2023\/08\/20230801_101504-1024x768.jpg 1024w, https:\/\/www.gesvesextra.be\/wp-content\/uploads\/2023\/08\/20230801_101504-768x576.jpg 768w, https:\/\/www.gesvesextra.be\/wp-content\/uploads\/2023\/08\/20230801_101504-1536x1152.jpg 1536w, https:\/\/www.gesvesextra.be\/wp-content\/uploads\/2023\/08\/20230801_101504-2048x1536.jpg 2048w, https:\/\/www.gesvesextra.be\/wp-content\/uploads\/2023\/08\/20230801_101504-80x60.jpg 80w, https:\/\/www.gesvesextra.be\/wp-content\/uploads\/2023\/08\/20230801_101504-1320x990.jpg 1320w\" sizes=\"auto, (max-width: 300px) 100vw, 300px\" \/><\/a> <a href=\"http:\/\/www.gesvesextra.be\/wp-content\/uploads\/2023\/08\/20230801_101451-scaled.jpg\"><img loading=\"lazy\" decoding=\"async\" class=\"alignnone size-medium wp-image-2102\" src=\"http:\/\/www.gesvesextra.be\/wp-content\/uploads\/2023\/08\/20230801_101451-300x225.jpg\" alt=\"\" width=\"300\" height=\"225\" srcset=\"https:\/\/www.gesvesextra.be\/wp-content\/uploads\/2023\/08\/20230801_101451-300x225.jpg 300w, https:\/\/www.gesvesextra.be\/wp-content\/uploads\/2023\/08\/20230801_101451-1024x768.jpg 1024w, https:\/\/www.gesvesextra.be\/wp-content\/uploads\/2023\/08\/20230801_101451-768x576.jpg 768w, https:\/\/www.gesvesextra.be\/wp-content\/uploads\/2023\/08\/20230801_101451-1536x1152.jpg 1536w, https:\/\/www.gesvesextra.be\/wp-content\/uploads\/2023\/08\/20230801_101451-2048x1536.jpg 2048w, https:\/\/www.gesvesextra.be\/wp-content\/uploads\/2023\/08\/20230801_101451-80x60.jpg 80w, https:\/\/www.gesvesextra.be\/wp-content\/uploads\/2023\/08\/20230801_101451-1320x990.jpg 1320w\" sizes=\"auto, (max-width: 300px) 100vw, 300px\" \/><\/a><\/p>\n<\/blockquote>\n\n\n<p><\/p>\n","protected":false},"excerpt":{"rendered":"<p>Pour plus d&rsquo;infos, vous pouvez consulter notre projet d&rsquo;accueil des plaines ICI Remarques : La PAF comprend les animations, le mat\u00e9riel, une soupe \u00e0 midi, les sorties et les assurances. Gesves EXTRA est agr\u00e9\u00e9 par l&rsquo;ONE sp\u00e9cifiquement pour ses plaines de vacances. Elles sont propos\u00e9es aux enfants de 2,5 ans \u00e0 12 ans, sans discrimination. C\u2019est un espace de d\u00e9lassement, de d\u00e9couverte, de cr\u00e9ativit\u00e9 et d\u2019\u00e9panouissement.\u00a0 D\u00e9sormais, Rapha\u00ebl et Deepa ont d\u00e9cid\u00e9 de prendre en charge, ensemble, les plaines de vacances, ils en sont responsables. Si vous avez une question, n&rsquo;h\u00e9sitez pas \u00e0 vous adresser \u00e0 eux, ils sont au coeur du projet ! Gesves EXTRA organise dix semaines de plaines durant l&rsquo;ann\u00e9e 2023-2024. Pour rappel, Nous n&rsquo;organisons aucune plaine durant le mois de Juillet puisque l&rsquo;Asbl Coala s&rsquo;en charge avec les plaines communales. Plaine d&rsquo;automne :\u00a0 Semaine 1 ( du 27\u00a0 au 30 avril ) Semaine 2 ( du 04 au 08 mai ) Les th\u00e8mes sont r\u00e9fl\u00e9chis et les activit\u00e9s sont en cours de pr\u00e9paration.Veillez \u00e0 consulter r\u00e9guli\u00e8rement notre site pour \u00eatre inform\u00e9 de nos futures plaines. Plaines de printemps Pour plus d&rsquo;information, veuillez nous contactez \u00e0 info@gesvesextra.be ou bien par t\u00e9l\u00e9phone au 083\/67 02 03 Voil\u00e0 un aper\u00e7u de nos plaines pr\u00e9c\u00e9dente : Plaines d&rsquo;\u00e9t\u00e9 2023<\/p>\n","protected":false},"author":2,"featured_media":0,"parent":0,"menu_order":0,"comment_status":"closed","ping_status":"open","template":"","meta":{"footnotes":""},"class_list":["post-13","page","type-page","status-publish","hentry"],"_links":{"self":[{"href":"https:\/\/www.gesvesextra.be\/index.php?rest_route=\/wp\/v2\/pages\/13","targetHints":{"allow":["GET"]}}],"collection":[{"href":"https:\/\/www.gesvesextra.be\/index.php?rest_route=\/wp\/v2\/pages"}],"about":[{"href":"https:\/\/www.gesvesextra.be\/index.php?rest_route=\/wp\/v2\/types\/page"}],"author":[{"embeddable":true,"href":"https:\/\/www.gesvesextra.be\/index.php?rest_route=\/wp\/v2\/users\/2"}],"replies":[{"embeddable":true,"href":"https:\/\/www.gesvesextra.be\/index.php?rest_route=%2Fwp%2Fv2%2Fcomments&post=13"}],"version-history":[{"count":182,"href":"https:\/\/www.gesvesextra.be\/index.php?rest_route=\/wp\/v2\/pages\/13\/revisions"}],"predecessor-version":[{"id":2402,"href":"https:\/\/www.gesvesextra.be\/index.php?rest_route=\/wp\/v2\/pages\/13\/revisions\/2402"}],"wp:attachment":[{"href":"https:\/\/www.gesvesextra.be\/index.php?rest_route=%2Fwp%2Fv2%2Fmedia&parent=13"}],"curies":[{"name":"wp","href":"https:\/\/api.w.org\/{rel}","templated":true}]}}