{"id":39,"date":"2013-08-30T09:10:51","date_gmt":"2013-08-30T09:10:51","guid":{"rendered":"http:\/\/www.gesvesextra.be\/?page_id=39"},"modified":"2024-02-15T08:45:07","modified_gmt":"2024-02-15T08:45:07","slug":"accueil-centralise","status":"publish","type":"page","link":"https:\/\/www.gesvesextra.be\/?page_id=39","title":{"rendered":"Accueil centralis\u00e9"},"content":{"rendered":"<p><span style=\"color: #000000;\">L&rsquo;accueil centralis\u00e9 est organis\u00e9 depuis<\/span><strong> <span style=\"color: #339966;\">2013<\/span><\/strong>.<\/p>\n<p><em><strong>Katty<\/strong><\/em>, responsable de l&rsquo;accueil centralis\u00e9, propose aux enfants des activit\u00e9s diverses et vari\u00e9es pour le plus grand bonheur des petits comme des grands le mercredi apr\u00e8s-midi au sein de nos superbes locaux\u00a0 (rue de la Pichelotte, 11A \u00e0 c\u00f4t\u00e9 de la ludoth\u00e8que)<\/p>\n<p><a href=\"http:\/\/www.gesvesextra.be\/wp-content\/uploads\/2022\/11\/4.png\"><img loading=\"lazy\" decoding=\"async\" class=\"aligncenter wp-image-1873 size-medium\" src=\"http:\/\/www.gesvesextra.be\/wp-content\/uploads\/2022\/11\/4-212x300.png\" alt=\"\" width=\"212\" height=\"300\" srcset=\"https:\/\/www.gesvesextra.be\/wp-content\/uploads\/2022\/11\/4-212x300.png 212w, https:\/\/www.gesvesextra.be\/wp-content\/uploads\/2022\/11\/4-724x1024.png 724w, https:\/\/www.gesvesextra.be\/wp-content\/uploads\/2022\/11\/4-768x1086.png 768w, https:\/\/www.gesvesextra.be\/wp-content\/uploads\/2022\/11\/4-1086x1536.png 1086w, https:\/\/www.gesvesextra.be\/wp-content\/uploads\/2022\/11\/4-1320x1867.png 1320w, https:\/\/www.gesvesextra.be\/wp-content\/uploads\/2022\/11\/4.png 1414w\" sizes=\"auto, (max-width: 212px) 100vw, 212px\" \/><\/a><\/p>\n<p><span style=\"color: #000000;\">L\u2019accueil centralis\u00e9 est un projet de la<\/span><span style=\"color: #008000;\"> <a style=\"color: #008000;\" title=\"Coordination ATL\" href=\"http:\/\/www.gesvesextra.be\/?page_id=73\">coordination communale de l\u2019accueil (CCA)<\/a><\/span> <span style=\"color: #000000;\">d\u00e9velopp\u00e9 pour<\/span>:<\/p>\n<ul>\n<li><em><span style=\"color: #000000;\">donner la chance \u00e0 tous les enfants de\u00a0 participer \u00e0 nos\u00a0 activit\u00e9s le mercredi apr\u00e8s-midi et lors des journ\u00e9es p\u00e9dagogiques ;<\/span>\u00a0 <span style=\"color: #339966;\">Accueil ouvert \u00e0 TOUS les enfants<\/span><\/em><\/li>\n<li><em><span style=\"color: #000000;\">assurer un accueil adapt\u00e9 en fonction de l\u2019\u00e2ge de l\u2019enfant en lui\u00a0 offrant plusieurs possibilit\u00e9s d\u2019activit\u00e9s encadr\u00e9es par du personnel\u00a0 qualifi\u00e9 ;<\/span><br \/>\n<span style=\"color: #339966;\">Avec des Permanents Gesves EXTRA<\/span><\/em><\/li>\n<li><em><span style=\"color: #000000;\">respecter le rythme de l\u2019enfant en lui offrant des espaces de vie adapt\u00e9s ;<\/span><br \/>\n<span style=\"color: #339966;\">Espace r\u00e9nov\u00e9 dans un cadre verdoyant<\/span><\/em><\/li>\n<li><em><span style=\"color: #000000;\">sortir du cadre scolaire ;<\/span><span style=\"color: #339966;\"> sur le site de la plaine communale\u00a0<\/span><\/em><\/li>\n<li><em><span style=\"color: #000000;\">renforcer la dynamique inter\u00e9seaux : rencontres, ouverture\u2026<\/span><br \/>\n<span style=\"color: #000000;\">\u00ab\u00a0Rentrer vraiment dans l\u2019esprit Accueil Temps Libre (ATL)\u00a0\u00bb;<\/span><br \/>\n<span style=\"color: #339966;\">Transport organis\u00e9 \u00e0 partir de chacune des 4 \u00e9coles<\/span><\/em><\/li>\n<\/ul>\n<p style=\"text-align: center;\"><span style=\"text-decoration: underline;\"><span style=\"color: #008000;\"><em>Concr\u00e8tement, de quoi s&rsquo;agit-il ?<\/em><\/span><\/span><\/p>\n<p><span style=\"color: #000000;\">Nos animateurs permanents accueillent vos enfants d\u00e8s la fin des cours sur le site de chaque \u00e9cole et avec l&rsquo;aide du bus communal accompagnent vos enfants vers nos locaux, sur le site de la Pichelotte (11 A, rue de la Pichelotte).<br \/>\nUne fois que chacun a eu l&rsquo;occasion de d\u00eener et de profiter d&rsquo;une pause, les enfants, toujours encadr\u00e9s, se lancent dans des activit\u00e9s organis\u00e9es autour d&rsquo;un th\u00e8me (diff\u00e9rent chaque mercredi). Ces activit\u00e9s sont r\u00e9fl\u00e9chies et pr\u00e9par\u00e9es, toujours en veillant au bien-\u00eatre de chacun.<\/span><\/p>\n<hr \/>\n<p>Aper\u00e7u des derniers accueils centralis\u00e9s :<\/p>\n<p><a href=\"http:\/\/www.gesvesextra.be\/wp-content\/uploads\/2023\/12\/6.jpg\"><img loading=\"lazy\" decoding=\"async\" class=\"alignnone size-medium wp-image-2185\" src=\"http:\/\/www.gesvesextra.be\/wp-content\/uploads\/2023\/12\/6-300x135.jpg\" alt=\"\" width=\"300\" height=\"135\" srcset=\"https:\/\/www.gesvesextra.be\/wp-content\/uploads\/2023\/12\/6-300x135.jpg 300w, https:\/\/www.gesvesextra.be\/wp-content\/uploads\/2023\/12\/6-133x60.jpg 133w, https:\/\/www.gesvesextra.be\/wp-content\/uploads\/2023\/12\/6.jpg 720w\" sizes=\"auto, (max-width: 300px) 100vw, 300px\" \/><\/a> <a href=\"http:\/\/www.gesvesextra.be\/wp-content\/uploads\/2023\/12\/7.jpg\"><img loading=\"lazy\" decoding=\"async\" class=\"alignnone size-medium wp-image-2186\" src=\"http:\/\/www.gesvesextra.be\/wp-content\/uploads\/2023\/12\/7-135x300.jpg\" alt=\"\" width=\"135\" height=\"300\" srcset=\"https:\/\/www.gesvesextra.be\/wp-content\/uploads\/2023\/12\/7-135x300.jpg 135w, https:\/\/www.gesvesextra.be\/wp-content\/uploads\/2023\/12\/7-461x1024.jpg 461w, https:\/\/www.gesvesextra.be\/wp-content\/uploads\/2023\/12\/7-692x1536.jpg 692w, https:\/\/www.gesvesextra.be\/wp-content\/uploads\/2023\/12\/7-27x60.jpg 27w, https:\/\/www.gesvesextra.be\/wp-content\/uploads\/2023\/12\/7.jpg 720w\" sizes=\"auto, (max-width: 135px) 100vw, 135px\" \/><\/a> <a href=\"http:\/\/www.gesvesextra.be\/wp-content\/uploads\/2023\/12\/4.jpg\"><img loading=\"lazy\" decoding=\"async\" class=\"alignnone size-medium wp-image-2183\" src=\"http:\/\/www.gesvesextra.be\/wp-content\/uploads\/2023\/12\/4-300x135.jpg\" alt=\"\" width=\"300\" height=\"135\" srcset=\"https:\/\/www.gesvesextra.be\/wp-content\/uploads\/2023\/12\/4-300x135.jpg 300w, https:\/\/www.gesvesextra.be\/wp-content\/uploads\/2023\/12\/4-133x60.jpg 133w, https:\/\/www.gesvesextra.be\/wp-content\/uploads\/2023\/12\/4.jpg 720w\" sizes=\"auto, (max-width: 300px) 100vw, 300px\" \/><\/a> <a href=\"http:\/\/www.gesvesextra.be\/wp-content\/uploads\/2023\/12\/5.jpg\"><img loading=\"lazy\" decoding=\"async\" class=\"alignnone size-medium wp-image-2184\" src=\"http:\/\/www.gesvesextra.be\/wp-content\/uploads\/2023\/12\/5-135x300.jpg\" alt=\"\" width=\"135\" height=\"300\" srcset=\"https:\/\/www.gesvesextra.be\/wp-content\/uploads\/2023\/12\/5-135x300.jpg 135w, https:\/\/www.gesvesextra.be\/wp-content\/uploads\/2023\/12\/5-461x1024.jpg 461w, https:\/\/www.gesvesextra.be\/wp-content\/uploads\/2023\/12\/5-692x1536.jpg 692w, https:\/\/www.gesvesextra.be\/wp-content\/uploads\/2023\/12\/5-27x60.jpg 27w, https:\/\/www.gesvesextra.be\/wp-content\/uploads\/2023\/12\/5.jpg 720w\" sizes=\"auto, (max-width: 135px) 100vw, 135px\" \/><\/a> <a href=\"http:\/\/www.gesvesextra.be\/wp-content\/uploads\/2023\/12\/3.jpg\"><img loading=\"lazy\" decoding=\"async\" class=\"alignnone size-medium wp-image-2182\" src=\"http:\/\/www.gesvesextra.be\/wp-content\/uploads\/2023\/12\/3-300x225.jpg\" alt=\"\" width=\"300\" height=\"225\" srcset=\"https:\/\/www.gesvesextra.be\/wp-content\/uploads\/2023\/12\/3-300x225.jpg 300w, https:\/\/www.gesvesextra.be\/wp-content\/uploads\/2023\/12\/3-80x60.jpg 80w, https:\/\/www.gesvesextra.be\/wp-content\/uploads\/2023\/12\/3.jpg 720w\" sizes=\"auto, (max-width: 300px) 100vw, 300px\" \/><\/a> <a href=\"http:\/\/www.gesvesextra.be\/wp-content\/uploads\/2023\/12\/2.jpg\"><img loading=\"lazy\" decoding=\"async\" class=\"alignnone size-medium wp-image-2181\" src=\"http:\/\/www.gesvesextra.be\/wp-content\/uploads\/2023\/12\/2-225x300.jpg\" alt=\"\" width=\"225\" height=\"300\" srcset=\"https:\/\/www.gesvesextra.be\/wp-content\/uploads\/2023\/12\/2-225x300.jpg 225w, https:\/\/www.gesvesextra.be\/wp-content\/uploads\/2023\/12\/2-45x60.jpg 45w, https:\/\/www.gesvesextra.be\/wp-content\/uploads\/2023\/12\/2.jpg 720w\" sizes=\"auto, (max-width: 225px) 100vw, 225px\" \/><\/a> <a href=\"http:\/\/www.gesvesextra.be\/wp-content\/uploads\/2023\/12\/1.jpg\"><img loading=\"lazy\" decoding=\"async\" class=\"alignnone size-medium wp-image-2180\" src=\"http:\/\/www.gesvesextra.be\/wp-content\/uploads\/2023\/12\/1-225x300.jpg\" alt=\"\" width=\"225\" height=\"300\" srcset=\"https:\/\/www.gesvesextra.be\/wp-content\/uploads\/2023\/12\/1-225x300.jpg 225w, https:\/\/www.gesvesextra.be\/wp-content\/uploads\/2023\/12\/1-45x60.jpg 45w, https:\/\/www.gesvesextra.be\/wp-content\/uploads\/2023\/12\/1.jpg 720w\" sizes=\"auto, (max-width: 225px) 100vw, 225px\" \/><\/a><\/p>\n","protected":false},"excerpt":{"rendered":"<p>L&rsquo;accueil centralis\u00e9 est organis\u00e9 depuis 2013. Katty, responsable de l&rsquo;accueil centralis\u00e9, propose aux enfants des activit\u00e9s diverses et vari\u00e9es pour le plus grand bonheur des petits comme des grands le mercredi apr\u00e8s-midi au sein de nos superbes locaux\u00a0 (rue de la Pichelotte, 11A \u00e0 c\u00f4t\u00e9 de la ludoth\u00e8que) L\u2019accueil centralis\u00e9 est un projet de la coordination communale de l\u2019accueil (CCA) d\u00e9velopp\u00e9 pour: donner la chance \u00e0 tous les enfants de\u00a0 participer \u00e0 nos\u00a0 activit\u00e9s le mercredi apr\u00e8s-midi et lors des journ\u00e9es p\u00e9dagogiques ;\u00a0 Accueil ouvert \u00e0 TOUS les enfants assurer un accueil adapt\u00e9 en fonction de l\u2019\u00e2ge de l\u2019enfant en lui\u00a0 offrant plusieurs possibilit\u00e9s d\u2019activit\u00e9s encadr\u00e9es par du personnel\u00a0 qualifi\u00e9 ; Avec des Permanents Gesves EXTRA respecter le rythme de l\u2019enfant en lui offrant des espaces de vie adapt\u00e9s ; Espace r\u00e9nov\u00e9 dans un cadre verdoyant sortir du cadre scolaire ; sur le site de la plaine communale\u00a0 renforcer la dynamique inter\u00e9seaux : rencontres, ouverture\u2026 \u00ab\u00a0Rentrer vraiment dans l\u2019esprit Accueil Temps Libre (ATL)\u00a0\u00bb; Transport organis\u00e9 \u00e0 partir de chacune des 4 \u00e9coles Concr\u00e8tement, de quoi s&rsquo;agit-il ? Nos animateurs permanents accueillent vos enfants d\u00e8s la fin des cours sur le site de chaque \u00e9cole et avec l&rsquo;aide du bus communal accompagnent vos enfants vers nos locaux, sur le site de la Pichelotte (11 A, rue de la Pichelotte). Une fois que chacun a eu l&rsquo;occasion de d\u00eener et de profiter d&rsquo;une pause, les enfants, toujours encadr\u00e9s, se lancent dans des activit\u00e9s organis\u00e9es autour d&rsquo;un th\u00e8me (diff\u00e9rent chaque mercredi). Ces activit\u00e9s sont r\u00e9fl\u00e9chies et pr\u00e9par\u00e9es, toujours en veillant au bien-\u00eatre de chacun. Aper\u00e7u des derniers accueils centralis\u00e9s :<\/p>\n","protected":false},"author":2,"featured_media":0,"parent":11,"menu_order":0,"comment_status":"closed","ping_status":"open","template":"","meta":{"footnotes":""},"class_list":["post-39","page","type-page","status-publish","hentry"],"_links":{"self":[{"href":"https:\/\/www.gesvesextra.be\/index.php?rest_route=\/wp\/v2\/pages\/39","targetHints":{"allow":["GET"]}}],"collection":[{"href":"https:\/\/www.gesvesextra.be\/index.php?rest_route=\/wp\/v2\/pages"}],"about":[{"href":"https:\/\/www.gesvesextra.be\/index.php?rest_route=\/wp\/v2\/types\/page"}],"author":[{"embeddable":true,"href":"https:\/\/www.gesvesextra.be\/index.php?rest_route=\/wp\/v2\/users\/2"}],"replies":[{"embeddable":true,"href":"https:\/\/www.gesvesextra.be\/index.php?rest_route=%2Fwp%2Fv2%2Fcomments&post=39"}],"version-history":[{"count":44,"href":"https:\/\/www.gesvesextra.be\/index.php?rest_route=\/wp\/v2\/pages\/39\/revisions"}],"predecessor-version":[{"id":2244,"href":"https:\/\/www.gesvesextra.be\/index.php?rest_route=\/wp\/v2\/pages\/39\/revisions\/2244"}],"up":[{"embeddable":true,"href":"https:\/\/www.gesvesextra.be\/index.php?rest_route=\/wp\/v2\/pages\/11"}],"wp:attachment":[{"href":"https:\/\/www.gesvesextra.be\/index.php?rest_route=%2Fwp%2Fv2%2Fmedia&parent=39"}],"curies":[{"name":"wp","href":"https:\/\/api.w.org\/{rel}","templated":true}]}}

Accueil centralisé

<p><span style="color: #000000;">L&rsquo;accueil centralisé est organisé depuis</span><strong> <span style="color: #339966;">2013</span></strong>.</p>
<p><em><strong>Katty</strong></em>, responsable de l&rsquo;accueil centralisé, propose aux enfants des activités diverses et variées pour le plus grand bonheur des petits comme des grands le mercredi après-midi au sein de nos superbes locaux  (rue de la Pichelotte, 11A à côté de la ludothèque)</p>
<p><a href="http://www.gesvesextra.be/wp-content/uploads/2022/11/4.png"><img loading="lazy" decoding="async" class="aligncenter wp-image-1873 size-medium" src="http://www.gesvesextra.be/wp-content/uploads/2022/11/4-212x300.png" alt="" width="212" height="300" srcset="https://www.gesvesextra.be/wp-content/uploads/2022/11/4-212x300.png 212w, https://www.gesvesextra.be/wp-content/uploads/2022/11/4-724x1024.png 724w, https://www.gesvesextra.be/wp-content/uploads/2022/11/4-768x1086.png 768w, https://www.gesvesextra.be/wp-content/uploads/2022/11/4-1086x1536.png 1086w, https://www.gesvesextra.be/wp-content/uploads/2022/11/4-1320x1867.png 1320w, https://www.gesvesextra.be/wp-content/uploads/2022/11/4.png 1414w" sizes="auto, (max-width: 212px) 100vw, 212px" /></a></p>
<p><span style="color: #000000;">L’accueil centralisé est un projet de la</span><span style="color: #008000;"> <a style="color: #008000;" title="Coordination ATL" href="http://www.gesvesextra.be/?page_id=73">coordination communale de l’accueil (CCA)</a></span> <span style="color: #000000;">développé pour</span>:</p>
<ul>
<li><em><span style="color: #000000;">donner la chance à tous les enfants de  participer à nos  activités le mercredi après-midi et lors des journées pédagogiques ;</span>  <span style="color: #339966;">Accueil ouvert à TOUS les enfants</span></em></li>
<li><em><span style="color: #000000;">assurer un accueil adapté en fonction de l’âge de l’enfant en lui  offrant plusieurs possibilités d’activités encadrées par du personnel  qualifié ;</span><br />
<span style="color: #339966;">Avec des Permanents Gesves EXTRA</span></em></li>
<li><em><span style="color: #000000;">respecter le rythme de l’enfant en lui offrant des espaces de vie adaptés ;</span><br />
<span style="color: #339966;">Espace rénové dans un cadre verdoyant</span></em></li>
<li><em><span style="color: #000000;">sortir du cadre scolaire ;</span><span style="color: #339966;"> sur le site de la plaine communale </span></em></li>
<li><em><span style="color: #000000;">renforcer la dynamique interéseaux : rencontres, ouverture…</span><br />
<span style="color: #000000;">« Rentrer vraiment dans l’esprit Accueil Temps Libre (ATL) »;</span><br />
<span style="color: #339966;">Transport organisé à partir de chacune des 4 écoles</span></em></li>
</ul>
<p style="text-align: center;"><span style="text-decoration: underline;"><span style="color: #008000;"><em>Concrètement, de quoi s&rsquo;agit-il ?</em></span></span></p>
<p><span style="color: #000000;">Nos animateurs permanents accueillent vos enfants dès la fin des cours sur le site de chaque école et avec l&rsquo;aide du bus communal accompagnent vos enfants vers nos locaux, sur le site de la Pichelotte (11 A, rue de la Pichelotte).<br />
Une fois que chacun a eu l&rsquo;occasion de dîner et de profiter d&rsquo;une pause, les enfants, toujours encadrés, se lancent dans des activités organisées autour d&rsquo;un thème (différent chaque mercredi). Ces activités sont réfléchies et préparées, toujours en veillant au bien-être de chacun.</span></p>
<hr />
<p>Aperçu des derniers accueils centralisés :</p>
<p><a href="http://www.gesvesextra.be/wp-content/uploads/2023/12/6.jpg"><img loading="lazy" decoding="async" class="alignnone size-medium wp-image-2185" src="http://www.gesvesextra.be/wp-content/uploads/2023/12/6-300x135.jpg" alt="" width="300" height="135" srcset="https://www.gesvesextra.be/wp-content/uploads/2023/12/6-300x135.jpg 300w, https://www.gesvesextra.be/wp-content/uploads/2023/12/6-133x60.jpg 133w, https://www.gesvesextra.be/wp-content/uploads/2023/12/6.jpg 720w" sizes="auto, (max-width: 300px) 100vw, 300px" /></a> <a href="http://www.gesvesextra.be/wp-content/uploads/2023/12/7.jpg"><img loading="lazy" decoding="async" class="alignnone size-medium wp-image-2186" src="http://www.gesvesextra.be/wp-content/uploads/2023/12/7-135x300.jpg" alt="" width="135" height="300" srcset="https://www.gesvesextra.be/wp-content/uploads/2023/12/7-135x300.jpg 135w, https://www.gesvesextra.be/wp-content/uploads/2023/12/7-461x1024.jpg 461w, https://www.gesvesextra.be/wp-content/uploads/2023/12/7-692x1536.jpg 692w, https://www.gesvesextra.be/wp-content/uploads/2023/12/7-27x60.jpg 27w, https://www.gesvesextra.be/wp-content/uploads/2023/12/7.jpg 720w" sizes="auto, (max-width: 135px) 100vw, 135px" /></a> <a href="http://www.gesvesextra.be/wp-content/uploads/2023/12/4.jpg"><img loading="lazy" decoding="async" class="alignnone size-medium wp-image-2183" src="http://www.gesvesextra.be/wp-content/uploads/2023/12/4-300x135.jpg" alt="" width="300" height="135" srcset="https://www.gesvesextra.be/wp-content/uploads/2023/12/4-300x135.jpg 300w, https://www.gesvesextra.be/wp-content/uploads/2023/12/4-133x60.jpg 133w, https://www.gesvesextra.be/wp-content/uploads/2023/12/4.jpg 720w" sizes="auto, (max-width: 300px) 100vw, 300px" /></a> <a href="http://www.gesvesextra.be/wp-content/uploads/2023/12/5.jpg"><img loading="lazy" decoding="async" class="alignnone size-medium wp-image-2184" src="http://www.gesvesextra.be/wp-content/uploads/2023/12/5-135x300.jpg" alt="" width="135" height="300" srcset="https://www.gesvesextra.be/wp-content/uploads/2023/12/5-135x300.jpg 135w, https://www.gesvesextra.be/wp-content/uploads/2023/12/5-461x1024.jpg 461w, https://www.gesvesextra.be/wp-content/uploads/2023/12/5-692x1536.jpg 692w, https://www.gesvesextra.be/wp-content/uploads/2023/12/5-27x60.jpg 27w, https://www.gesvesextra.be/wp-content/uploads/2023/12/5.jpg 720w" sizes="auto, (max-width: 135px) 100vw, 135px" /></a> <a href="http://www.gesvesextra.be/wp-content/uploads/2023/12/3.jpg"><img loading="lazy" decoding="async" class="alignnone size-medium wp-image-2182" src="http://www.gesvesextra.be/wp-content/uploads/2023/12/3-300x225.jpg" alt="" width="300" height="225" srcset="https://www.gesvesextra.be/wp-content/uploads/2023/12/3-300x225.jpg 300w, https://www.gesvesextra.be/wp-content/uploads/2023/12/3-80x60.jpg 80w, https://www.gesvesextra.be/wp-content/uploads/2023/12/3.jpg 720w" sizes="auto, (max-width: 300px) 100vw, 300px" /></a> <a href="http://www.gesvesextra.be/wp-content/uploads/2023/12/2.jpg"><img loading="lazy" decoding="async" class="alignnone size-medium wp-image-2181" src="http://www.gesvesextra.be/wp-content/uploads/2023/12/2-225x300.jpg" alt="" width="225" height="300" srcset="https://www.gesvesextra.be/wp-content/uploads/2023/12/2-225x300.jpg 225w, https://www.gesvesextra.be/wp-content/uploads/2023/12/2-45x60.jpg 45w, https://www.gesvesextra.be/wp-content/uploads/2023/12/2.jpg 720w" sizes="auto, (max-width: 225px) 100vw, 225px" /></a> <a href="http://www.gesvesextra.be/wp-content/uploads/2023/12/1.jpg"><img loading="lazy" decoding="async" class="alignnone size-medium wp-image-2180" src="http://www.gesvesextra.be/wp-content/uploads/2023/12/1-225x300.jpg" alt="" width="225" height="300" srcset="https://www.gesvesextra.be/wp-content/uploads/2023/12/1-225x300.jpg 225w, https://www.gesvesextra.be/wp-content/uploads/2023/12/1-45x60.jpg 45w, https://www.gesvesextra.be/wp-content/uploads/2023/12/1.jpg 720w" sizes="auto, (max-width: 225px) 100vw, 225px" /></a></p>

<p>L&rsquo;accueil centralisé est organisé depuis 2013. Katty, responsable de l&rsquo;accueil centralisé, propose aux enfants des activités diverses et variées pour le plus grand bonheur des petits comme des grands le mercredi après-midi au sein de nos superbes locaux  (rue de la Pichelotte, 11A à côté de la ludothèque) L’accueil centralisé est un projet de la coordination communale de l’accueil (CCA) développé pour: donner la chance à tous les enfants de  participer à nos  activités le mercredi après-midi et lors des journées pédagogiques ;  Accueil ouvert à TOUS les enfants assurer un accueil adapté en fonction de l’âge de l’enfant en lui  offrant plusieurs possibilités d’activités encadrées par du personnel  qualifié ; Avec des Permanents Gesves EXTRA respecter le rythme de l’enfant en lui offrant des espaces de vie adaptés ; Espace rénové dans un cadre verdoyant sortir du cadre scolaire ; sur le site de la plaine communale  renforcer la dynamique interéseaux : rencontres, ouverture… « Rentrer vraiment dans l’esprit Accueil Temps Libre (ATL) »; Transport organisé à partir de chacune des 4 écoles Concrètement, de quoi s&rsquo;agit-il ? Nos animateurs permanents accueillent vos enfants dès la fin des cours sur le site de chaque école et avec l&rsquo;aide du bus communal accompagnent vos enfants vers nos locaux, sur le site de la Pichelotte (11 A, rue de la Pichelotte). Une fois que chacun a eu l&rsquo;occasion de dîner et de profiter d&rsquo;une pause, les enfants, toujours encadrés, se lancent dans des activités organisées autour d&rsquo;un thème (différent chaque mercredi). Ces activités sont réfléchies et préparées, toujours en veillant au bien-être de chacun. Aperçu des derniers accueils centralisés :</p>
